
{"id":1724,"date":"2018-10-19T11:56:32","date_gmt":"2018-10-19T11:56:32","guid":{"rendered":"http:\/\/vadas.22media.sk\/?page_id=1724"},"modified":"2026-02-05T10:57:17","modified_gmt":"2026-02-05T09:57:17","slug":"nyitva-tartas","status":"publish","type":"page","link":"https:\/\/www.vadasthermal.sk\/hu\/aquapark\/nyitva-tartas\/","title":{"rendered":"Nyitva tart\u00e1s"},"content":{"rendered":"<hr \/>\n<table style=\"width: 100%;\">\n<tbody>\n<tr style=\"background-color: #008ba1;\">\n<td colspan=\"2\">\n<h3><span style=\"color: #ffffff;\">Fedett uszoda<\/span><\/h3>\n<\/td>\n<\/tr>\n<tr>\n<td colspan=\"2\">\n<p style=\"text-align: justify;\"><span style=\"color: #008ba1;\"><strong>2025. Szeptember 22. &#8211; 2026. \u00c1prilis 30.<\/strong><\/span><\/p>\n<\/td>\n<\/tr>\n<tr style=\"background-color: #e6e6e6;\">\n<td style=\"width: 60%;\">H\u00e9tf\u0151 &#8211; P\u00e9ntek<\/td>\n<td>12:00 &#8211; 21:00<\/td>\n<\/tr>\n<tr>\n<td>Szombat, Vas\u00e1rnap<\/td>\n<td>10:00 &#8211; 21:00<\/td>\n<\/tr>\n<tr>\n<td colspan=\"2\">Felh\u00edvjuk tisztelt vend\u00e9geink figyelm\u00e9t, hogy h\u00e9tf\u0151t\u0151l cs\u00fct\u00f6rt\u00f6kig az \u00fasz\u00f3medenc\u00e9ben \u00fasz\u00f3edz\u00e9sek folynak. Az uszoda vend\u00e9geinkek az edz\u00e9sek ideje alatt is van szabad \u00fasz\u00f3p\u00e1lya. \u00dasz\u00f3edz\u00e9sek id\u0151pontjai:<\/p>\n<ul>\n<li>H\u00e9tf\u0151 14:00-15:00 \u00e9s 17:00-19:00<\/li>\n<li>Kedd 15:00-18:15<\/li>\n<li>Szerda 15:00-18:15<\/li>\n<li>Cs\u00fct\u00f6rt\u00f6k 15:00-18:15<\/li>\n<\/ul>\n<hr \/>\n<p><strong>Reggeli \u00fasz\u00e1s:<\/strong> A reggeli \u00fasz\u00e1sra h\u00e9tf\u0151 kiv\u00e9tel\u00e9vel, naponta 5:30 \u00e9s 8:40 \u00f3ra k\u00f6z\u00f6tt van lehet\u0151s\u00e9g (bel\u00e9p\u00e9s csak b\u00e9rlettel). A reggeli \u00fasz\u00e1s ideje alatt az al\u00e1bbi id\u0151pontokban folynak \u00fasz\u00f3edz\u00e9sek<\/p>\n<ul>\n<li>Kedd 6:15 \u2013 7:15<\/li>\n<li>Szerda 6:15 \u2013 7:15<\/li>\n<li>Cs\u00fct\u00f6rt\u00f6k 6:15 \u2013 8:15<\/li>\n<li>P\u00e9ntek 6:15 \u2013 7:15<\/li>\n<li>Szombat 7:15 \u2013 8:15<\/li>\n<\/ul>\n<p>Az uszoda vend\u00e9geinkek az edz\u00e9sek ideje alatt is van szabad \u00fasz\u00f3p\u00e1lya.<br \/>\nMeg\u00e9rt\u00e9s\u00fcket k\u00f6sz\u00f6nj\u00fck!<\/td>\n<\/tr>\n<tr style=\"background-color: #e6e6e6;\">\n<td colspan=\"2\">\n<p style=\"text-align: justify;\"><span style=\"color: #008ba1;\"><strong>2026. M\u00e1jus 1. &#8211; Szeptember 20.: z\u00e1rva<\/strong><\/span><\/p>\n<\/td>\n<\/tr>\n<\/tbody>\n<\/table>\n<p><strong><br \/>\nM\u00e1just\u00f3l szeptember 20-ig a reggeli \u00fasz\u00e1s a k\u00fclt\u00e9ri \u00fasz\u00f3medenc\u00e9ben zajlik. A bel\u00e9p\u00e9s a Thermal wellness hotel recepci\u00f3j\u00e1n megv\u00e1ltott jegyekkel lehets\u00e9ges.<\/strong><\/p>\n<h3 style=\"text-align: center;\"><\/h3>\n<table style=\"width: 100%;\">\n<tbody>\n<tr style=\"background-color: #008ba1;\">\n<td colspan=\"2\">\n<h3><span style=\"color: #ffffff;\">A Thermal wellnesshotel*** wellnessk\u00f6zpontja &#8211; Eg\u00e9sz \u00e9vben<\/span><\/h3>\n<\/td>\n<\/tr>\n<tr>\n<td colspan=\"2\">\n<p style=\"text-align: justify;\"><strong><span style=\"color: #008ba1;\">Sz\u00e1ll\u00f3vend\u00e9geknek<\/span><\/strong><\/p>\n<\/td>\n<\/tr>\n<tr style=\"background-color: #e6e6e6;\">\n<td style=\"width: 60%;\">H\u00e9tf\u0151<\/td>\n<td>12:00 &#8211; 21:00<\/td>\n<\/tr>\n<tr>\n<td>Kedd &#8211; Vas\u00e1rnap<\/td>\n<td>10:00 &#8211; 21:00<\/td>\n<\/tr>\n<tr>\n<td colspan=\"2\">\n<p style=\"text-align: justify;\"><span style=\"color: #008ba1;\"><strong>K\u00fcls\u0151s vend\u00e9geknek<\/strong><\/span><\/p>\n<\/td>\n<\/tr>\n<tr style=\"background-color: #e6e6e6;\">\n<td>H\u00e9tf\u0151 &#8211; Vas\u00e1rnap<\/td>\n<td>12:00 &#8211; 21:00<\/td>\n<\/tr>\n<tr>\n<td colspan=\"2\">A szaunavil\u00e1g j\u00fanius 1 &#8211; augusztus 31. k\u00f6z\u00f6tt nem \u00fczemel.<\/td>\n<\/tr>\n<\/tbody>\n<\/table>\n<hr \/>\n<table style=\"width: 100%;\">\n<tbody>\n<tr style=\"background-color: #008ba1;\">\n<td colspan=\"2\">\n<h3><span style=\"color: #ffffff;\"> Vadas Thermal Resort &#8211; k\u00fclt\u00e9ri medenc\u00e9k<\/span><\/h3>\n<\/td>\n<\/tr>\n<tr>\n<td style=\"width: 60%;\">2026. M\u00e1jus 1-31.<\/td>\n<td>\u00a010:00 &#8211; 18:00<\/td>\n<\/tr>\n<tr style=\"background-color: #e6e6e6;\">\n<td style=\"width: 60%;\">2026. J\u00fanius 1-Augusztus 16.<\/td>\n<td>\u00a009:00 &#8211; 20:00<\/td>\n<\/tr>\n<tr>\n<td style=\"width: 60%;\">2026. Augusztus 17-31.<\/td>\n<td>\u00a009:00 &#8211; 19:30<\/td>\n<\/tr>\n<tr style=\"background-color: #e6e6e6;\">\n<td style=\"width: 60%;\">2026. Szeptember 1-20.<\/td>\n<td>\u00a010:00 &#8211; 18:00<\/td>\n<\/tr>\n<\/tbody>\n<\/table>\n<ul>\n<li><strong>A Vadas Thermal Resort a nyitvatart\u00e1si id\u0151ben (m\u00e1jus 1-szeptember 20.) minden nap \u00fczemel, \u00fcnnepnapokon is<\/strong><\/li>\n<li><strong>A nudista napoz\u00f3<\/strong> j\u00fanius 1-augusztus 31. k\u00f6z\u00f6tt tart nyitva, naponta 9-19:30 \u00f3r\u00e1ig<\/li>\n<li><strong style=\"color: initial;\">A cs\u00faszdapark<\/strong><span style=\"color: initial;\"> j\u00fanius 1-augusztus 31. k\u00f6z\u00f6tt tart nyitva, naponta 10:30- 19:00 \u00f3r\u00e1ig.<\/span><\/li>\n<li>A reggli \u00fasz\u00e1s m\u00e1jus 1. \u00e9s szeptember 20. k\u00f6z\u00f6tt lehets\u00e9ges. Az ezen fel\u00fcli id\u0151szakban a fedett uszod\u00e1ban<\/li>\n<li>Munkanapokon, 15:00 \u00e9s 19:00 \u00f3ra k\u00f6z\u00f6tt az \u00fasz\u00f3medenc\u00e9ben \u00fasz\u00f3edz\u00e9sek zajlanak, legfeljebb 4 \u00fasz\u00f3p\u00e1ly\u00e1n.<\/li>\n<li>Fenntartjuk a jogot az \u00fasz\u00f3- \u00e9s Csillagmedence leereszt\u00e9s\u00e9re 17 \u00f3ra ut\u00e1n.<\/li>\n<li><strong>\u00dasz\u00f3versenyek id\u0151pontjai a 2026-os \u00e9vben:<\/strong> M\u00e1jus 9. (1 nap), J\u00fanius 19-21 (3 nap) \u00e9s Augusztus 29. (1 nap). Az \u00fasz\u00f3versenyek ideje alatt az \u00fasz\u00f3medence vend\u00e9geink r\u00e9sz\u00e9re nem haszn\u00e1lhat\u00f3.<\/li>\n<\/ul>\n<p>Meg\u00e9rt\u00e9s\u00fcket k\u00f6sz\u00f6nj\u00fck!<\/p>\n<hr \/>\n<table style=\"width: 100%;\">\n<tbody>\n<tr style=\"background-color: #008ba1;\">\n<td colspan=\"2\">\n<h3><span style=\"color: #ffffff;\"> II-es sz\u00e1m\u00fa term\u00e1lf\u00fcrd\u0151: J\u00falius 1 &#8211; Augusztus 30.<\/span><\/h3>\n<\/td>\n<\/tr>\n<tr>\n<td style=\"width: 60%;\">h\u00e9tf\u0151nk\u00e9nt<\/td>\n<td>\u00a0z\u00e1rva<\/td>\n<\/tr>\n<tr style=\"background-color: #e6e6e6;\">\n<td style=\"width: 60%;\">kedd &#8211; cs\u00fct\u00f6rt\u00f6k<\/td>\n<td>\u00a009:00 &#8211; 19:00<\/td>\n<\/tr>\n<\/tbody>\n<\/table>\n<hr \/>\n<p>A nyitvatart\u00e1si id\u0151 v\u00e1ltoztat\u00e1s\u00e1nak jog\u00e1t fenntartjuk.<\/p>\n","protected":false},"excerpt":{"rendered":"<p>Fedett uszoda 2025. Szeptember 22. &#8211; 2026. \u00c1prilis 30. H\u00e9tf\u0151 &#8211; P\u00e9ntek 12:00 &#8211; 21:00 Szombat, Vas\u00e1rnap 10:00 &#8211; 21:00 Felh\u00edvjuk tisztelt vend\u00e9geink figyelm\u00e9t, hogy h\u00e9tf\u0151t\u0151l cs\u00fct\u00f6rt\u00f6kig az \u00fasz\u00f3medenc\u00e9ben \u00fasz\u00f3edz\u00e9sek folynak. Az uszoda vend\u00e9geinkek az edz\u00e9sek ideje alatt is van szabad \u00fasz\u00f3p\u00e1lya. \u00dasz\u00f3edz\u00e9sek id\u0151pontjai: H\u00e9tf\u0151 14:00-15:00 \u00e9s 17:00-19:00 Kedd 15:00-18:15 Szerda 15:00-18:15 Cs\u00fct\u00f6rt\u00f6k 15:00-18:15 Reggeli [&hellip;]<\/p>\n","protected":false},"author":1,"featured_media":1725,"parent":1178,"menu_order":0,"comment_status":"closed","ping_status":"closed","template":"","meta":{"footnotes":""},"tags":[],"class_list":["post-1724","page","type-page","status-publish","has-post-thumbnail","hentry"],"_links":{"self":[{"href":"https:\/\/www.vadasthermal.sk\/hu\/wp-json\/wp\/v2\/pages\/1724","targetHints":{"allow":["GET"]}}],"collection":[{"href":"https:\/\/www.vadasthermal.sk\/hu\/wp-json\/wp\/v2\/pages"}],"about":[{"href":"https:\/\/www.vadasthermal.sk\/hu\/wp-json\/wp\/v2\/types\/page"}],"author":[{"embeddable":true,"href":"https:\/\/www.vadasthermal.sk\/hu\/wp-json\/wp\/v2\/users\/1"}],"replies":[{"embeddable":true,"href":"https:\/\/www.vadasthermal.sk\/hu\/wp-json\/wp\/v2\/comments?post=1724"}],"version-history":[{"count":3,"href":"https:\/\/www.vadasthermal.sk\/hu\/wp-json\/wp\/v2\/pages\/1724\/revisions"}],"predecessor-version":[{"id":17406,"href":"https:\/\/www.vadasthermal.sk\/hu\/wp-json\/wp\/v2\/pages\/1724\/revisions\/17406"}],"up":[{"embeddable":true,"href":"https:\/\/www.vadasthermal.sk\/hu\/wp-json\/wp\/v2\/pages\/1178"}],"wp:featuredmedia":[{"embeddable":true,"href":"https:\/\/www.vadasthermal.sk\/hu\/wp-json\/wp\/v2\/media\/1725"}],"wp:attachment":[{"href":"https:\/\/www.vadasthermal.sk\/hu\/wp-json\/wp\/v2\/media?parent=1724"}],"wp:term":[{"taxonomy":"post_tag","embeddable":true,"href":"https:\/\/www.vadasthermal.sk\/hu\/wp-json\/wp\/v2\/tags?post=1724"}],"curies":[{"name":"wp","href":"https:\/\/api.w.org\/{rel}","templated":true}]}}

Nyitva tartás

<hr />
<table style="width: 100%;">
<tbody>
<tr style="background-color: #008ba1;">
<td colspan="2">
<h3><span style="color: #ffffff;">Fedett uszoda</span></h3>
</td>
</tr>
<tr>
<td colspan="2">
<p style="text-align: justify;"><span style="color: #008ba1;"><strong>2025. Szeptember 22. &#8211; 2026. Április 30.</strong></span></p>
</td>
</tr>
<tr style="background-color: #e6e6e6;">
<td style="width: 60%;">Hétfő &#8211; Péntek</td>
<td>12:00 &#8211; 21:00</td>
</tr>
<tr>
<td>Szombat, Vasárnap</td>
<td>10:00 &#8211; 21:00</td>
</tr>
<tr>
<td colspan="2">Felhívjuk tisztelt vendégeink figyelmét, hogy hétfőtől csütörtökig az úszómedencében úszóedzések folynak. Az uszoda vendégeinkek az edzések ideje alatt is van szabad úszópálya. Úszóedzések időpontjai:</p>
<ul>
<li>Hétfő 14:00-15:00 és 17:00-19:00</li>
<li>Kedd 15:00-18:15</li>
<li>Szerda 15:00-18:15</li>
<li>Csütörtök 15:00-18:15</li>
</ul>
<hr />
<p><strong>Reggeli úszás:</strong> A reggeli úszásra hétfő kivételével, naponta 5:30 és 8:40 óra között van lehetőség (belépés csak bérlettel). A reggeli úszás ideje alatt az alábbi időpontokban folynak úszóedzések</p>
<ul>
<li>Kedd 6:15 – 7:15</li>
<li>Szerda 6:15 – 7:15</li>
<li>Csütörtök 6:15 – 8:15</li>
<li>Péntek 6:15 – 7:15</li>
<li>Szombat 7:15 – 8:15</li>
</ul>
<p>Az uszoda vendégeinkek az edzések ideje alatt is van szabad úszópálya.<br />
Megértésüket köszönjük!</td>
</tr>
<tr style="background-color: #e6e6e6;">
<td colspan="2">
<p style="text-align: justify;"><span style="color: #008ba1;"><strong>2026. Május 1. &#8211; Szeptember 20.: zárva</strong></span></p>
</td>
</tr>
</tbody>
</table>
<p><strong><br />
Májustól szeptember 20-ig a reggeli úszás a kültéri úszómedencében zajlik. A belépés a Thermal wellness hotel recepcióján megváltott jegyekkel lehetséges.</strong></p>
<h3 style="text-align: center;"></h3>
<table style="width: 100%;">
<tbody>
<tr style="background-color: #008ba1;">
<td colspan="2">
<h3><span style="color: #ffffff;">A Thermal wellnesshotel*** wellnessközpontja &#8211; Egész évben</span></h3>
</td>
</tr>
<tr>
<td colspan="2">
<p style="text-align: justify;"><strong><span style="color: #008ba1;">Szállóvendégeknek</span></strong></p>
</td>
</tr>
<tr style="background-color: #e6e6e6;">
<td style="width: 60%;">Hétfő</td>
<td>12:00 &#8211; 21:00</td>
</tr>
<tr>
<td>Kedd &#8211; Vasárnap</td>
<td>10:00 &#8211; 21:00</td>
</tr>
<tr>
<td colspan="2">
<p style="text-align: justify;"><span style="color: #008ba1;"><strong>Külsős vendégeknek</strong></span></p>
</td>
</tr>
<tr style="background-color: #e6e6e6;">
<td>Hétfő &#8211; Vasárnap</td>
<td>12:00 &#8211; 21:00</td>
</tr>
<tr>
<td colspan="2">A szaunavilág június 1 &#8211; augusztus 31. között nem üzemel.</td>
</tr>
</tbody>
</table>
<hr />
<table style="width: 100%;">
<tbody>
<tr style="background-color: #008ba1;">
<td colspan="2">
<h3><span style="color: #ffffff;"> Vadas Thermal Resort &#8211; kültéri medencék</span></h3>
</td>
</tr>
<tr>
<td style="width: 60%;">2026. Május 1-31.</td>
<td> 10:00 &#8211; 18:00</td>
</tr>
<tr style="background-color: #e6e6e6;">
<td style="width: 60%;">2026. Június 1-Augusztus 16.</td>
<td> 09:00 &#8211; 20:00</td>
</tr>
<tr>
<td style="width: 60%;">2026. Augusztus 17-31.</td>
<td> 09:00 &#8211; 19:30</td>
</tr>
<tr style="background-color: #e6e6e6;">
<td style="width: 60%;">2026. Szeptember 1-20.</td>
<td> 10:00 &#8211; 18:00</td>
</tr>
</tbody>
</table>
<ul>
<li><strong>A Vadas Thermal Resort a nyitvatartási időben (május 1-szeptember 20.) minden nap üzemel, ünnepnapokon is</strong></li>
<li><strong>A nudista napozó</strong> június 1-augusztus 31. között tart nyitva, naponta 9-19:30 óráig</li>
<li><strong style="color: initial;">A csúszdapark</strong><span style="color: initial;"> június 1-augusztus 31. között tart nyitva, naponta 10:30- 19:00 óráig.</span></li>
<li>A reggli úszás május 1. és szeptember 20. között lehetséges. Az ezen felüli időszakban a fedett uszodában</li>
<li>Munkanapokon, 15:00 és 19:00 óra között az úszómedencében úszóedzések zajlanak, legfeljebb 4 úszópályán.</li>
<li>Fenntartjuk a jogot az úszó- és Csillagmedence leeresztésére 17 óra után.</li>
<li><strong>Úszóversenyek időpontjai a 2026-os évben:</strong> Május 9. (1 nap), Június 19-21 (3 nap) és Augusztus 29. (1 nap). Az úszóversenyek ideje alatt az úszómedence vendégeink részére nem használható.</li>
</ul>
<p>Megértésüket köszönjük!</p>
<hr />
<table style="width: 100%;">
<tbody>
<tr style="background-color: #008ba1;">
<td colspan="2">
<h3><span style="color: #ffffff;"> II-es számú termálfürdő: Július 1 &#8211; Augusztus 30.</span></h3>
</td>
</tr>
<tr>
<td style="width: 60%;">hétfőnként</td>
<td> zárva</td>
</tr>
<tr style="background-color: #e6e6e6;">
<td style="width: 60%;">kedd &#8211; csütörtök</td>
<td> 09:00 &#8211; 19:00</td>
</tr>
</tbody>
</table>
<hr />
<p>A nyitvatartási idő változtatásának jogát fenntartjuk.</p>

<p>Fedett uszoda 2025. Szeptember 22. &#8211; 2026. Április 30. Hétfő &#8211; Péntek 12:00 &#8211; 21:00 Szombat, Vasárnap 10:00 &#8211; 21:00 Felhívjuk tisztelt vendégeink figyelmét, hogy hétfőtől csütörtökig az úszómedencében úszóedzések folynak. Az uszoda vendégeinkek az edzések ideje alatt is van szabad úszópálya. Úszóedzések időpontjai: Hétfő 14:00-15:00 és 17:00-19:00 Kedd 15:00-18:15 Szerda 15:00-18:15 Csütörtök 15:00-18:15 Reggeli [&hellip;]</p>
